{"id":6922,"date":"2023-11-19T10:39:22","date_gmt":"2023-11-19T10:39:22","guid":{"rendered":"https:\/\/demo.wpzoom.com\/inspiro-lite-blocks-xml\/?page_id=6922"},"modified":"2025-10-27T17:16:43","modified_gmt":"2025-10-27T16:16:43","slug":"homepage","status":"publish","type":"page","link":"http:\/\/studiocomunicacion.com\/","title":{"rendered":"STUDIO COMUNICACI\u00d3N                                                                             INMA ABELLA"},"content":{"rendered":"\n<div class=\"wp-block-cover alignfull\" style=\"min-height:100vh;aspect-ratio:unset;\"><img loading=\"lazy\" decoding=\"async\" width=\"2560\" height=\"1384\" class=\"wp-block-cover__image-background wp-image-7367 size-full\" alt=\"\" src=\"http:\/\/studiocomunicacion.com\/wp-content\/uploads\/2025\/09\/Captura-de-pantalla-2025-09-30-a-las-21.22.59-scaled.png\" data-object-fit=\"cover\" srcset=\"http:\/\/studiocomunicacion.com\/wp-content\/uploads\/2025\/09\/Captura-de-pantalla-2025-09-30-a-las-21.22.59-scaled.png 2560w, http:\/\/studiocomunicacion.com\/wp-content\/uploads\/2025\/09\/Captura-de-pantalla-2025-09-30-a-las-21.22.59-300x162.png 300w, http:\/\/studiocomunicacion.com\/wp-content\/uploads\/2025\/09\/Captura-de-pantalla-2025-09-30-a-las-21.22.59-1024x553.png 1024w, http:\/\/studiocomunicacion.com\/wp-content\/uploads\/2025\/09\/Captura-de-pantalla-2025-09-30-a-las-21.22.59-2000x1081.png 2000w\" sizes=\"auto, (max-width: 2560px) 100vw, 2560px\" \/><span aria-hidden=\"true\" class=\"wp-block-cover__background has-background-dim wp-block-cover__gradient-background has-background-gradient\" style=\"background:linear-gradient(185deg,rgb(0,0,0) 0%,rgba(0,0,0,0.53) 100%)\"><\/span><div class=\"wp-block-cover__inner-container has-global-padding is-layout-constrained wp-block-cover-is-layout-constrained\">\n<h1 class=\"wp-block-heading has-text-align-center has-white-color has-text-color has-max-72-font-size\"><strong>Comunicaci\u00f3n visual<\/strong><br><strong>para elevar tu marc<\/strong>a<\/h1>\n\n\n\n<hr class=\"wp-block-separator has-text-color has-alpha-channel-opacity has-background is-style-default\" style=\"margin-top:var(--wp--preset--spacing--x-small);margin-bottom:var(--wp--preset--spacing--x-small);background-color:#ffffff47;color:#ffffff47\"\/>\n\n\n\n<p class=\"has-text-align-center has-white-color has-text-color has-medium-font-size\">TRANSFORMA  IDEAS EN PROYECTOS VISUALES S\u00d3LIDOS Y ESTRAT\u00c9GICOS, QUE CONECTEN CON TUS CLIENTES Y HAGAN CRECER TU NEGOCIO<\/p>\n<\/div><\/div>\n\n\n\n<div class=\"wp-block-group has-global-padding is-layout-constrained wp-container-core-group-is-layout-3a820303 wp-block-group-is-layout-constrained\" style=\"padding-right:var(--wp--preset--spacing--small);padding-left:var(--wp--preset--spacing--small)\">\n<div style=\"height:36px\" aria-hidden=\"true\" class=\"wp-block-spacer\"><\/div>\n\n\n\n<h2 class=\"wp-block-heading has-text-align-center has-medium-font-size\" style=\"letter-spacing:1px\">\u00bfEN QU\u00c9 PUEDO AYUDARTE?<\/h2>\n\n\n\n<p class=\"has-text-align-center\">Uno visi\u00f3n est\u00e9tica editorial y estrategia, y lo aplico en la creaci\u00f3n de conceptos creativos para tu marca, servicio o evento. <br>Genero contenido visual que define y refuerza la imagen de tu proyecto.<\/p>\n<\/div>\n\n\n\n<div class=\"wp-block-columns is-layout-flex wp-container-core-columns-is-layout-28f84493 wp-block-columns-is-layout-flex\">\n<div class=\"wp-block-column is-layout-flow wp-block-column-is-layout-flow\"><\/div>\n\n\n\n<div class=\"wp-block-column is-layout-flow wp-block-column-is-layout-flow\"><\/div>\n<\/div>\n\n\n\n<p><\/p>\n\n\n\n<div class=\"wp-block-group alignfull pattern_multiple_covers has-background-background-color has-background has-global-padding is-layout-constrained wp-block-group-is-layout-constrained\" id=\"services\">\n<h1 class=\"wp-block-heading has-text-align-left\">SERVICIOS<\/h1>\n\n\n\n<div class=\"wp-block-columns is-layout-flex wp-container-core-columns-is-layout-28f84493 wp-block-columns-is-layout-flex\">\n<div class=\"wp-block-column is-layout-flow wp-block-column-is-layout-flow\" style=\"padding-top:0;padding-right:0;padding-bottom:0;padding-left:0\">\n<div class=\"wp-block-cover has-custom-content-position is-position-bottom-left\" style=\"padding-top:var(--wp--preset--spacing--small);padding-right:var(--wp--preset--spacing--x-small);padding-bottom:var(--wp--preset--spacing--small);padding-left:var(--wp--preset--spacing--x-small)\"><img loading=\"lazy\" decoding=\"async\" width=\"651\" height=\"1024\" class=\"wp-block-cover__image-background wp-image-6972 size-large\" alt=\"\" src=\"http:\/\/studiocomunicacion.com\/wp-content\/uploads\/2025\/09\/Captura-de-pantalla-2025-08-25-a-las-15.05.06-651x1024.png\" data-object-fit=\"cover\" srcset=\"http:\/\/studiocomunicacion.com\/wp-content\/uploads\/2025\/09\/Captura-de-pantalla-2025-08-25-a-las-15.05.06-651x1024.png 651w, http:\/\/studiocomunicacion.com\/wp-content\/uploads\/2025\/09\/Captura-de-pantalla-2025-08-25-a-las-15.05.06-191x300.png 191w, http:\/\/studiocomunicacion.com\/wp-content\/uploads\/2025\/09\/Captura-de-pantalla-2025-08-25-a-las-15.05.06.png 1266w\" sizes=\"auto, (max-width: 651px) 100vw, 651px\" \/><span aria-hidden=\"true\" class=\"wp-block-cover__background has-primary-background-color has-background-dim-70 has-background-dim\"><\/span><div class=\"wp-block-cover__inner-container is-layout-flow wp-block-cover-is-layout-flow\">\n<h3 class=\"wp-block-heading has-white-color has-text-color has-medium-font-size\" style=\"margin-top:0;margin-right:0;margin-bottom:0;margin-left:0\">Gesti\u00f3n de la imagen y estrategia de redes sociales<\/h3>\n\n\n\n<p class=\"has-secondary-color has-text-color has-link-color wp-elements-8bef775023e5b6a1e3c128b7bae7fac8\" style=\"margin-top:0;margin-right:0;margin-bottom:0;margin-left:0\"><a href=\"http:\/\/studiocomunicacion.com\/?page_id=7100\" data-type=\"page\" data-id=\"7100\">Explore more \u2192<\/a><\/p>\n<\/div><\/div>\n<\/div>\n\n\n\n<div class=\"wp-block-column is-layout-flow wp-block-column-is-layout-flow\" style=\"padding-top:0;padding-right:0;padding-bottom:0;padding-left:0\">\n<div class=\"wp-block-cover has-custom-content-position is-position-bottom-left\" style=\"padding-top:var(--wp--preset--spacing--small);padding-right:var(--wp--preset--spacing--x-small);padding-bottom:var(--wp--preset--spacing--small);padding-left:var(--wp--preset--spacing--x-small)\"><img loading=\"lazy\" decoding=\"async\" width=\"745\" height=\"1024\" class=\"wp-block-cover__image-background wp-image-6973 size-large\" alt=\"\" src=\"http:\/\/studiocomunicacion.com\/wp-content\/uploads\/2025\/09\/Captura-de-pantalla-2025-09-18-a-las-16.22.51-745x1024.png\" data-object-fit=\"cover\" srcset=\"http:\/\/studiocomunicacion.com\/wp-content\/uploads\/2025\/09\/Captura-de-pantalla-2025-09-18-a-las-16.22.51-745x1024.png 745w, http:\/\/studiocomunicacion.com\/wp-content\/uploads\/2025\/09\/Captura-de-pantalla-2025-09-18-a-las-16.22.51-218x300.png 218w, http:\/\/studiocomunicacion.com\/wp-content\/uploads\/2025\/09\/Captura-de-pantalla-2025-09-18-a-las-16.22.51.png 774w\" sizes=\"auto, (max-width: 745px) 100vw, 745px\" \/><span aria-hidden=\"true\" class=\"wp-block-cover__background has-primary-background-color has-background-dim-70 has-background-dim\"><\/span><div class=\"wp-block-cover__inner-container is-layout-flow wp-block-cover-is-layout-flow\">\n<h3 class=\"wp-block-heading has-white-color has-text-color has-medium-font-size\" style=\"margin-top:0;margin-right:0;margin-bottom:0;margin-left:0\">Desarrollo de conceptos creativos aplicados a medios digitales, editoriales y f\u00edsicos<\/h3>\n\n\n\n<p class=\"has-secondary-color has-text-color has-link-color wp-elements-4b4de8382faeef22eed3c955a305c72a\" style=\"margin-top:0;margin-right:0;margin-bottom:0;margin-left:0\"><a href=\"http:\/\/studiocomunicacion.com\/?page_id=7119\" data-type=\"page\" data-id=\"7119\">Explore more \u2192<\/a><\/p>\n<\/div><\/div>\n<\/div>\n\n\n\n<div class=\"wp-block-column is-layout-flow wp-block-column-is-layout-flow\" style=\"padding-top:0;padding-right:0;padding-bottom:0;padding-left:0\">\n<div class=\"wp-block-cover has-custom-content-position is-position-bottom-left\" style=\"padding-top:var(--wp--preset--spacing--small);padding-right:var(--wp--preset--spacing--x-small);padding-bottom:var(--wp--preset--spacing--small);padding-left:var(--wp--preset--spacing--x-small)\"><img loading=\"lazy\" decoding=\"async\" width=\"1024\" height=\"1024\" class=\"wp-block-cover__image-background wp-image-6974 size-full\" alt=\"\" src=\"http:\/\/studiocomunicacion.com\/wp-content\/uploads\/2025\/09\/B4E91733-BDFC-4E43-95A2-B2242235574E-1.jpg\" data-object-fit=\"cover\" srcset=\"http:\/\/studiocomunicacion.com\/wp-content\/uploads\/2025\/09\/B4E91733-BDFC-4E43-95A2-B2242235574E-1.jpg 1024w, http:\/\/studiocomunicacion.com\/wp-content\/uploads\/2025\/09\/B4E91733-BDFC-4E43-95A2-B2242235574E-1-300x300.jpg 300w, http:\/\/studiocomunicacion.com\/wp-content\/uploads\/2025\/09\/B4E91733-BDFC-4E43-95A2-B2242235574E-1-150x150.jpg 150w\" sizes=\"auto, (max-width: 1024px) 100vw, 1024px\" \/><span aria-hidden=\"true\" class=\"wp-block-cover__background has-primary-background-color has-background-dim-70 has-background-dim\"><\/span><div class=\"wp-block-cover__inner-container is-layout-flow wp-block-cover-is-layout-flow\">\n<h3 class=\"wp-block-heading has-white-color has-text-color has-medium-font-size\" style=\"margin-top:0;margin-right:0;margin-bottom:0;margin-left:0\">Asesoramiento en branding e imagen de marca<\/h3>\n\n\n\n<p class=\"has-secondary-color has-text-color has-link-color wp-elements-1e918673a8d1d6d99d322c3e1a7b629e\" style=\"margin-top:0;margin-right:0;margin-bottom:0;margin-left:0\"><a href=\"http:\/\/studiocomunicacion.com\/?page_id=7143\" data-type=\"page\" data-id=\"7143\">Explore more \u2192<\/a><\/p>\n<\/div><\/div>\n<\/div>\n<\/div>\n\n\n\n<div style=\"height:67px\" aria-hidden=\"true\" class=\"wp-block-spacer\"><\/div>\n<\/div>\n\n\n\n<div class=\"wp-block-columns is-layout-flex wp-container-core-columns-is-layout-28f84493 wp-block-columns-is-layout-flex\">\n<div class=\"wp-block-column is-layout-flow wp-block-column-is-layout-flow\">\n<div class=\"wp-block-group alignfull is-layout-flow wp-block-group-is-layout-flow\">\n<div class=\"wp-block-columns is-layout-flex wp-container-core-columns-is-layout-28f84493 wp-block-columns-is-layout-flex\">\n<div class=\"wp-block-column is-vertically-aligned-center is-layout-flow wp-block-column-is-layout-flow\">\n<h4 class=\"wp-block-heading has-text-align-left has-superbfont-large-font-size\">REDACCI\u00d3N\/ COPY<\/h4>\n\n\n\n<p>Desarrollo de contenidos escritos adaptados a cada necesidad. Desde enfoques period\u00edsticos a textos publicitarios o copys para marcas.<br><\/p>\n\n\n\n<div class=\"wp-block-buttons is-layout-flex wp-block-buttons-is-layout-flex\">\n<div class=\"wp-block-button\"><a class=\"wp-block-button__link wp-element-button\" href=\"https:\/\/inmaabella.wordpress.com\" target=\"_blank\" rel=\"noopener\">VER M\u00c1S<\/a><\/div>\n<\/div>\n<\/div>\n\n\n\n<div class=\"wp-block-column is-layout-flow wp-block-column-is-layout-flow\">\n<figure class=\"wp-block-image size-large\"><img loading=\"lazy\" decoding=\"async\" width=\"1024\" height=\"500\" src=\"http:\/\/studiocomunicacion.com\/wp-content\/uploads\/2025\/09\/Captura-de-pantalla-2025-09-20-a-las-21.00.20-1-1024x500.png\" alt=\"\" class=\"wp-image-7165\" srcset=\"http:\/\/studiocomunicacion.com\/wp-content\/uploads\/2025\/09\/Captura-de-pantalla-2025-09-20-a-las-21.00.20-1-1024x500.png 1024w, http:\/\/studiocomunicacion.com\/wp-content\/uploads\/2025\/09\/Captura-de-pantalla-2025-09-20-a-las-21.00.20-1-300x146.png 300w, http:\/\/studiocomunicacion.com\/wp-content\/uploads\/2025\/09\/Captura-de-pantalla-2025-09-20-a-las-21.00.20-1-2000x976.png 2000w\" sizes=\"auto, (max-width: 1024px) 100vw, 1024px\" \/><\/figure>\n<\/div>\n<\/div>\n<\/div>\n<\/div>\n<\/div>\n\n\n\n<div class=\"wp-block-group alignfull has-background-secondary-background-color has-background has-global-padding is-layout-constrained wp-container-core-group-is-layout-fff16f96 wp-block-group-is-layout-constrained\" style=\"padding-top:var(--wp--preset--spacing--superbspacing-xxlarge);padding-right:var(--wp--preset--spacing--superbspacing-small);padding-bottom:var(--wp--preset--spacing--superbspacing-xxlarge);padding-left:var(--wp--preset--spacing--superbspacing-small)\">\n<div class=\"wp-block-group has-global-padding is-layout-constrained wp-container-core-group-is-layout-aaf5fa99 wp-block-group-is-layout-constrained\">\n<h5 class=\"wp-block-heading alignfull has-text-align-center has-contrast-color has-text-color has-superbfont-xlarge-font-size\">Hablemos de c\u00f3mo dar forma visual a tu proyecto<\/h5>\n<\/div>\n\n\n\n<p class=\"has-text-align-center\"><strong>INMA ABELLA<\/strong><\/p>\n\n\n\n<div class=\"wp-block-columns is-layout-flex wp-container-core-columns-is-layout-28f84493 wp-block-columns-is-layout-flex\">\n<div class=\"wp-block-column is-layout-flow wp-block-column-is-layout-flow\">\n<p><img loading=\"lazy\" decoding=\"async\" width=\"35\" height=\"35\" class=\"wp-image-6981\" style=\"width: 35px;\" src=\"http:\/\/studiocomunicacion.com\/wp-content\/uploads\/2025\/09\/icon-email.png\" alt=\"\"><br>inma@studiocomunicacion.com<\/p>\n<\/div>\n\n\n\n<div class=\"wp-block-column is-layout-flow wp-block-column-is-layout-flow\">\n<p><img loading=\"lazy\" decoding=\"async\" width=\"35\" height=\"35\" class=\"wp-image-6982\" style=\"width: 35px;\" src=\"http:\/\/studiocomunicacion.com\/wp-content\/uploads\/2025\/09\/icon-phone-call.png\" alt=\"\"><br> +34 639377505<\/p>\n<\/div>\n\n\n\n<div class=\"wp-block-column is-layout-flow wp-block-column-is-layout-flow\">\n<p><a href=\"https:\/\/www.instagram.com\/studio_comunicacion\/\" target=\"_blank\" rel=\"noopener\"><img loading=\"lazy\" decoding=\"async\" width=\"37\" height=\"36\" class=\"wp-image-7004\" style=\"width: 37px;\" src=\"http:\/\/studiocomunicacion.com\/wp-content\/uploads\/2025\/09\/Captura-de-pantalla-2025-09-18-a-las-20.36.54-1.png\" alt=\"\" srcset=\"http:\/\/studiocomunicacion.com\/wp-content\/uploads\/2025\/09\/Captura-de-pantalla-2025-09-18-a-las-20.36.54-1.png 368w, http:\/\/studiocomunicacion.com\/wp-content\/uploads\/2025\/09\/Captura-de-pantalla-2025-09-18-a-las-20.36.54-1-300x292.png 300w, http:\/\/studiocomunicacion.com\/wp-content\/uploads\/2025\/09\/Captura-de-pantalla-2025-09-18-a-las-20.36.54-1-150x150.png 150w\" sizes=\"auto, (max-width: 37px) 100vw, 37px\" \/><\/a><br><a href=\"https:\/\/www.instagram.com\/studio_comunicacion\/\" target=\"_blank\" rel=\"noopener\">@studio_comunicacion<\/a><\/p>\n<\/div>\n<\/div>\n\n\n\n<p class=\"has-text-align-right\"><\/p>\n\n\n\n<h6 class=\"wp-block-heading has-text-align-center\"><strong><a href=\"http:\/\/studiocomunicacion.com\/?page_id=7321\" data-type=\"page\" data-id=\"7321\">Aviso legal<\/a> &#8211; <a href=\"http:\/\/studiocomunicacion.com\/?page_id=7322\" data-type=\"page\" data-id=\"7322\">Pol\u00edtica de privacidad <\/a>&#8211; <a href=\"http:\/\/studiocomunicacion.com\/?page_id=7324\" data-type=\"page\" data-id=\"7324\">Cookies<\/a><\/strong><\/h6>\n<\/div>\n","protected":false},"excerpt":{"rendered":"<p>\u00bfEN QU\u00c9 PUEDO AYUDARTE? Uno visi\u00f3n est\u00e9tica editorial y estrategia, y lo aplico en la creaci\u00f3n de conceptos creativos para tu marca, servicio o evento. Genero contenido visual que define y refuerza la imagen de tu proyecto. SERVICIOS REDACCI\u00d3N\/ COPY Desarrollo de contenidos escritos adaptados a cada necesidad. Desde enfoques period\u00edsticos a textos publicitarios o &hellip; <\/p>\n<p class=\"link-more\"><a href=\"http:\/\/studiocomunicacion.com\/\" class=\"more-link\">Leer m\u00e1s<span class=\"screen-reader-text\"> \u00abSTUDIO COMUNICACI\u00d3N                                                                             INMA ABELLA\u00bb<\/span><\/a><\/p>\n","protected":false},"author":1,"featured_media":0,"parent":0,"menu_order":0,"comment_status":"closed","ping_status":"closed","template":"page-templates\/full-width-transparent.php","meta":{"_editorskit_title_hidden":false,"_editorskit_reading_time":0,"_editorskit_is_block_options_detached":false,"_editorskit_block_options_position":"{}","footnotes":""},"class_list":["post-6922","page","type-page","status-publish","hentry"],"featured_media_urls":[],"_links":{"self":[{"href":"http:\/\/studiocomunicacion.com\/index.php?rest_route=\/wp\/v2\/pages\/6922","targetHints":{"allow":["GET"]}}],"collection":[{"href":"http:\/\/studiocomunicacion.com\/index.php?rest_route=\/wp\/v2\/pages"}],"about":[{"href":"http:\/\/studiocomunicacion.com\/index.php?rest_route=\/wp\/v2\/types\/page"}],"author":[{"embeddable":true,"href":"http:\/\/studiocomunicacion.com\/index.php?rest_route=\/wp\/v2\/users\/1"}],"replies":[{"embeddable":true,"href":"http:\/\/studiocomunicacion.com\/index.php?rest_route=%2Fwp%2Fv2%2Fcomments&post=6922"}],"version-history":[{"count":40,"href":"http:\/\/studiocomunicacion.com\/index.php?rest_route=\/wp\/v2\/pages\/6922\/revisions"}],"predecessor-version":[{"id":7369,"href":"http:\/\/studiocomunicacion.com\/index.php?rest_route=\/wp\/v2\/pages\/6922\/revisions\/7369"}],"wp:attachment":[{"href":"http:\/\/studiocomunicacion.com\/index.php?rest_route=%2Fwp%2Fv2%2Fmedia&parent=6922"}],"curies":[{"name":"wp","href":"https:\/\/api.w.org\/{rel}","templated":true}]}}